3 and 9085?
1817
What is the greatest common divisor of 795 and 7541529?
159
Calculate the highest common factor of 6840 and 1586784.
24
What is the greatest common factor of 16 and 2578256?
16
What is the greatest common factor of 954 and 4361022?
18
Calculate the greatest common factor of 54793233 and 891.
297
What is the highest common factor of 1778 and 241150?
14
What is the greatest common divisor of 1619277 and 759?
33
What is the highest common divisor of 99 and 239261?
11
What is the greatest common factor of 801 and 187227?
9
Calculate the highest common factor of 14 and 32520852.
14
What is the greatest common divisor of 15 and 98656530?
15
What is the greatest common divisor of 44 and 67982596?
44
What is the greatest common divisor of 77102 and 4066?
38
Calculate the highest common divisor of 792 and 145923921.
99
What is the greatest common factor of 131983920 and 1071?
153
What is the highest common factor of 81803960 and 20?
20
What is the highest common factor of 147189 and 29085?
21
Calculate the highest common factor of 20572116 and 3516.
3516
What is the highest common divisor of 367 and 128807825?
367
What is the highest common factor of 253 and 3718?
11
What is the highest common factor of 2602 and 160962322?
2602
What is the greatest common factor of 47174 and 10094?
206
Calculate the highest common factor of 1314267090 and 30.
30
What is the greatest common factor of 332 and 169781812?
332
Calculate the highest common divisor of 26597 and 136.
1
Calculate the highest common divisor of 10643756 and 92.
92
Calculate the greatest common factor of 4681176 and 40.
8
Calculate the highest common factor of 528 and 86309112.
24
What is the highest common divisor of 47830335 and 630?
105
Calculate the greatest common factor of 18538466 and 102.
34
What is the highest common factor of 116559 and 117?
9
Calculate the greatest common divisor of 77170 and 14520.
10
What is the greatest common factor of 2840500 and 281060?
5980
Calculate the highest common factor of 11510 and 5350.
10
What is the highest common divisor of 102219179 and 3194?
1597
Calculate the greatest common divisor of 1352 and 4144852.
4
What is the greatest common factor of 7 and 921561697?
7
What is the highest common factor of 10669734 and 2286?
18
What is the highest common divisor of 8856 and 680022?
54
Calculate the greatest common factor of 64690569 and 81.
81
Calculate the highest common factor of 22301 and 4139527.
769
What is the highest common divisor of 957 and 8764641?
87
What is the greatest common divisor of 2643535 and 85?
5
What is the highest common divisor of 20472 and 1106341?
853
What is the greatest common factor of 45958 and 594946?
22
What is the greatest common factor of 831656 and 66892?
28
What is the highest common factor of 52067022 and 1428?
714
Calculate the highest common factor of 1720 and 2349520.
1720
Calculate the highest common divisor of 12024067 and 377.
29
What is the greatest common factor of 812 and 13564?
4
Calculate the highest common divisor of 144396 and 2121.
21
Calculate the greatest common divisor of 13774476 and 22104.
3684
Calculate the highest common factor of 12445 and 185925811.
2489
Calculate the highest common divisor of 5626 and 5689632.
194
What is the highest common divisor of 9 and 78920376?
3
Calculate the greatest common divisor of 810 and 479790.
270
Calculate the highest common divisor of 15593340 and 7317.
813
What is the greatest common factor of 4655 and 1334655?
665
Calculate the highest common factor of 720 and 22634960.
80
Calculate the greatest common divisor of 27 and 638876484.
27
What is the highest common divisor of 2280 and 53876730?
30
Calculate the highest common factor of 334093504 and 256.
64
Calculate the highest common factor of 2323499 and 176608.
5519
Calculate the greatest common factor of 14 and 1035774.
2
What is the greatest common divisor of 4540481 and 2123?
11
Calculate the highest common divisor of 1135536 and 9717.
123
What is the highest common factor of 8895 and 3588243?
1779
Calculate the highest common factor of 62070 and 386865.
15
Calculate the highest common factor of 5499688 and 112.
8
Calculate the greatest common divisor of 288 and 56247012.
36
What is the highest common factor of 456526 and 434?
14
Calculate the highest common factor of 22477 and 111853.
133
What is the highest common factor of 201577296 and 170?
34
Calculate the highest common divisor of 288 and 176650704.
144
Calculate the highest common factor of 78743014 and 56.
14
Calculate the greatest common factor of 33423228 and 144.
36
What is the highest common divisor of 1923461 and 1065?
71
What is the greatest common factor of 96161552 and 64?
16
What is the highest common factor of 7559788 and 412?
412
Calculate the greatest common factor of 149 and 65796463.
149
What is the greatest common divisor of 16318400 and 3384?
376
What is the greatest common divisor of 174228 and 34788?
12
Calculate the highest common divisor of 1468 and 44252126.
734
Calculate the highest common divisor of 42 and 19343758.
14
What is the greatest common divisor of 11466475 and 206?
103
Calculate the greatest common divisor of 16817 and 272084.
251
Calculate the greatest common factor of 28252 and 12474.
14
Calculate the highest common factor of 743434 and 261560.
1006
What is the highest common factor of 19431 and 56457?
153
What is the highest common factor of 136891 and 1085219?
367
Calculate the greatest common divisor of 32798703 and 101507.
5971
Calculate the highest common factor of 302508 and 14.
2
Calculate the greatest common factor of 3295 and 354242155.
3295
What is the greatest common factor of 335 and 35765?
5
What is the highest common divisor of 16232192 and 96?
32
What is the highest common factor of 706058 and 339772?
982
What is the highest common divisor of 61824 and 1880448?
384
What is the highest common factor of 310959339 and 57?
57
Calculate the highest common divisor of 55493322 and 36.
6
Calculate the greatest common divisor of 6096 and 769620.
1524
What is the greatest common factor of 2251008 and 4544?
64
Calculate the greatest common divisor of 3453907 and 2192.
137
Calculate the highest common divisor of 6012 and 76086536.
668
Calculate the highest common divisor of 3758 and 122180096.
3758
What is the greatest common divisor of 9400507 and 187?
17
What is the greatest common factor of 7205 and 1782517?
1441
What is the greatest common divisor of 261382176 and 28512?
3168
What is the highest common divisor of 106648593 and 282?
141
What is the highest common divisor of 345 and 9927030?
345
Calculate the greatest common factor of 3952 and 1170072592.
3952
What is the greatest common divisor of 2021662 and 11123?
227
What is the highest common factor of 2246960 and 60?
20
What is the highest common divisor of 119 and 113190182?
119
Calculate the highest common factor of 67869 and 5157.
9
Calculate the greatest common divisor of 132 and 18706424.
44
Calculate the greatest common divisor of 63491409 and 9.
9
What is the greatest common factor of 299 and 4143841?
299
What is the highest common divisor of 21669 and 20739?
93
What is the greatest common divisor of 13440 and 4935?
105
What is the highest common factor of 1878 and 14061?
3
What is the highest common divisor of 12 and 28833867?
3
Calculate the greatest common divisor of 76399005 and 91635.
2235
Calculate the highest common divisor of 25494850 and 1850.
1850
Calculate the greatest common divisor of 6272 and 704832.
64
Calculate the highest common factor of 267760 and 1536273.
3347
Calculate the greatest common factor of 270594 and 12.
6
Calculate the highest common divisor of 44457111 and 18.
9
Calculate the highest common factor of 216542270 and 490.
490
What is the highest common divisor of 3996 and 131760?
108
What is the highest common factor of 5164 and 2241904124?
5164
What is the greatest common divisor of 57839924 and 992?
124
What is the greatest common divisor of 1291400 and 864050?
550
What is the highest common divisor of 1640626274 and 658?
658
What is the greatest common factor of 8089056 and 6624?
288
What is the greatest common divisor of 35 and 30230270?
35
What is the greatest common factor of 403 and 14547711?
3